 prime number?
False
Is 68597363 composite?
True
Is 52768059 prime?
False
Is 2415885779 prime?
True
Is 1847701 composite?
False
Is 726628079 a prime number?
True
Is 6608963267 prime?
False
Is 140666607241 a prime number?
True
Is 24096424433 composite?
False
Is 212960406583 a composite number?
False
Is 1904458505 a prime number?
False
Is 1406242267 a composite number?
False
Is 5365562357 a composite number?
True
Is 765330539 a composite number?
True
Is 316416703 composite?
False
Is 10239087319 composite?
True
Is 85440621031 composite?
False
Is 2031792133 prime?
False
Is 533322659 prime?
True
Is 2721306463 a composite number?
False
Is 192761671 prime?
True
Is 26937926585 a prime number?
False
Is 38901970957 prime?
False
Is 4623742709 composite?
True
Is 1126740479 prime?
False
Is 2217822839 a prime number?
False
Is 3934631411 prime?
False
Is 23139559931 a composite number?
True
Is 176804287 a composite number?
True
Is 9151889233 a prime number?
True
Is 3488192879 a prime number?
False
Is 1225191113 prime?
True
Is 1709160701 composite?
False
Is 8261677811 composite?
False
Is 128380212979 prime?
True
Is 4094946649 prime?
False
Is 91906720007 a prime number?
True
Is 155258146321 prime?
True
Is 1234218959 a composite number?
True
Is 981889061 a composite number?
False
Is 19950193 prime?
True
Is 10479947839 a composite number?
False
Is 876188801 a prime number?
True
Is 1875987397 a prime number?
True
Is 450134119 a prime number?
False
Is 1606292939 a prime number?
True
Is 3342558221 a prime number?
False
Is 2834867237 composite?
False
Is 5110516127 a prime number?
False
Is 22497543547 composite?
False
Is 6185844799 composite?
True
Is 44924902943 a composite number?
True
Is 11770462069 prime?
False
Is 4314882197 a prime number?
False
Is 194181609803 composite?
False
Is 430959289 a composite number?
True
Is 10085606629 composite?
True
Is 1632485159 prime?
False
Is 690356501 a composite number?
True
Is 4744902397 prime?
True
Is 39565595737 composite?
False
Is 48205056821 prime?
True
Is 23841455449 a composite number?
True
Is 1025730151 composite?
False
Is 935511881 a composite number?
False
Is 2874829481 composite?
False
Is 2560780099 a composite number?
False
Is 3885233953 a prime number?
False
Is 40228396751 composite?
False
Is 330172601 a composite number?
True
Is 1683722459 prime?
True
Is 2328774419 a prime number?
False
Is 2886339019 composite?
True
Is 1453952369 a composite number?
False
Is 5519709967 composite?
True
Is 6854755879 a composite number?
False
Is 19445549567 a prime number?
True
Is 188488697 composite?
False
Is 573427541 a composite number?
True
Is 3774668701 a composite number?
True
Is 221724583633 a composite number?
True
Is 3742005731 composite?
False
Is 36301850639 composite?
False
Is 384826327 composite?
True
Is 243214640737 a composite number?
False
Is 239433037 a composite number?
False
Is 6182728043 composite?
False
Is 1967641249 prime?
False
Is 4142022959 prime?
True
Is 4491181589 a composite number?
False
Is 8857225313 a prime number?
True
Is 1590807727 composite?
False
Is 385009531 a prime number?
False
Is 207278777 a composite number?
True
Is 2204042651 prime?
True
Is 448824317 prime?
False
Is 73433663 prime?
True
Is 64992989 composite?
True
Is 3880321031 composite?
True
Is 738166931 a composite number?
True
Is 12276668963 composite?
True
Is 2034174143 composite?
True
Is 5801679293 a prime number?
False
Is 303851593 prime?
False
Is 2216885371 prime?
True
Is 485505371 a composite number?
True
Is 15979842689 a composite number?
True
Is 16949466673 a prime number?
False
Is 24006937429 composite?
True
Is 132269119 composite?
True
Is 6192687973 prime?
True
Is 144955339 a composite number?
False
Is 2758573039 prime?
True
Is 38419754687 a prime number?
False
Is 1653184763 prime?
True
Is 5112795721 prime?
False
Is 826740479 a prime number?
True
Is 2451537233 composite?
False
Is 92631714127 a composite number?
True
Is 258846689 composite?
True
Is 726691737 a prime number?
False
Is 5177159347 a composite number?
True
Is 19695927139 prime?
False
Is 6286692697 prime?
False
Is 145431460223 a composite number?
True
Is 563604989 a prime number?
True
Is 31019425657 composite?
True
Is 48675049543 a prime number?
True
Is 545226991 a composite number?
True
Is 3285501137 composite?
False
Is 1293191227 composite?
True
Is 426621737 prime?
True
Is 861885617 prime?
True
Is 2051397269 composite?
False
Is 495610627 a composite number?
False
Is 15241273631 a prime number?
True
Is 3949975001 prime?
False
Is 18584761703 a composite number?
False
Is 191564281639 a composite number?
False
Is 60199909381 a prime number?
True
Is 7249671001 prime?
False
Is 16532110289 a prime number?
True
Is 3068859241 composite?
True
Is 19908676637 prime?
True
Is 38174655977 composite?
False
Is 113128189213 composite?
True
Is 58027789 composite?
True
Is 6278274571 a prime number?
False
Is 1102248031 a composite number?
True
Is 20594993609 prime?
True
Is 15762387331 composite?
False
Is 9051966767 prime?
True
Is 17775634457 a composite number?
True
Is 10065544621 composite?
True
Is 1549896707 a prime number?
True
Is 140669743 prime?
True
Is 2346878371 composite?
False
Is 1420546549 prime?
True
Is 2767150279 a prime number?
True
Is 127143473 composite?
False
Is 257173867 prime?
False
Is 1140446469 a composite number?
True
Is 3185674859 a prime number?
True
Is 1206035143 composite?
False
Is 68180366983 composite?
False
Is 2129614811 a composite number?
False
Is 3745573709 a composite number?
True
Is 22019059759 composite?
True
Is 50413261 prime?
True
Is 581974889 a prime number?
False
Is 7221618109 a prime number?
True
Is 53425759 prime?
True
Is 37971563827 a composite number?
False
Is 536054731 a composite number?
False
Is 3272137021 a composite number?
True
Is 68691001127 prime?
False
Is 36540266011 composite?
True
Is 5368372871 prime?
True
Is 969303199 a composite number?
False
Is 140919959195 composite?
True
Is 51705152651 a composite number?
True
Is 1723658803 composite?
True
Is 6657865979 a composite number?
False
Is 316577761 a composite number?
True
Is 59422293919 a composite number?
False
Is 20774636273 a composite number?
True
Is 5923910257 a composite number?
True
Is 1305324763 prime?
True
Is 41166847 composite?
False
Is 3191203681 a prime number?
True
Is 158269979897 prime?
True
Is 3847752229 prime?
True
Is 625694837 prime?
False
Is 653910573 a composite number?
True
Is 16803637211 a prime number?
True
Is 564670241 prime?
False
Is 402639359 a composite number?
False
Is 22550413889 a composite number?
False
Is 750158977 a composite number?
False
Is 6895288229 prime?
False
Is 227362717 a composite number?
True
Is 1096117681 a composite number?
True
Is 7306291081 prime?
True
Is 13446239 composite?
False
Is 3805950851 prime?
True
Is 39799355329 a prime number?
False
Is 55752922439 a composite number?
True
Is 1484987233 composite?
True
Is 9951577543 prime?
False
Is 156310113 composite?
True
Is 21545445463 prime?
False
Is 163714262701 prime?
False
Is 2529419617 prime?
True
Is 108672177821 a prime number?
False
Is 63799787 prime?
True
Is 892841771 prime?
False
Is 6584220491 prime?
True
Is 387647237 a composite number?
False
Is 319781881 prime?
True
Is 392867923 a prime number?
False
Is 1900384721 composite?
False
Is 27448123 composite?
True
Is 4931772679 a composite number?
True
Is 7846448663 prime?
True
Is 51230712691 prime?
True
Is 3462187853 a composite number?
True
Is 186547223 a prime number?
True
Is 4217179729 a prime number?
False
Is 2585088239 prime?
True
Is 357188983 prime?
True
Is 1802033297 a prime number?
False
Is 34579540397 composite?
False
Is 51850098031 a prime number?
True
Is 398623367 a prime number?
True
Is 42164096161 a composite number?
True
Is 5416867147 prime?
True
Is 310999529 prime?
False
Is 733823383 prime?
True
Is 995076031 composite?
False
Is 1631533373 composite?
False
Is 25614293701 a composite number?
False
Is 2063379649 prime?
False
Is 60281101 prime?
True
Is 1008828517 composite?
False
Is 320509337 a composite number?
True
Is 891065251 prime?
False
Is 51806330347 a composite number?
True
Is 2575017911 composite?
True
Is 1466511931 a composite number?
True
Is 857318818 composite?
True
Is 51129351913 a prime number?
False
Is 14478600580